 (0 - 3)/(s/4).
2
Suppose -p = 4*h - 3*p - 1422, -358 = -h + 3*p. What are the prime factors of h?
5, 71
Let i be 81/(-18)*(-28)/(-6). Let o(h) = h - 5. Let a be o(0). Let p = a - i. What are the prime factors of p?
2
Let h = 10 + -12. What are the prime factors of (3 + 7/h)*-26?
13
Let p = 36 - -46. Suppose -29 - p = -3*s. What are the prime factors of s?
37
Let q = 7 + 4. List the prime factors of q.
11
Let w(d) = -d**3 - d**2 - d - 1. Let f be w(-1). Suppose 4*o - k - 21 = f, 3*o - 2*k = 8*o - 23. List the prime factors of o.
5
Let q be ((-12)/(-9))/(1/3). Suppose n + q = 3*n. Suppose 3*g - 50 = -n*g. What are the prime factors of g?
2, 5
Suppose 5 = 4*q - 15. Suppose u + q = 32. What are the prime factors of u?
3
Let d(f) = -f + 11. Let s be d(11). Suppose -3*i = -s - 3. Suppose i = -5*x + 21. What are the prime factors of x?
2
Suppose 6*u - 247 = 113. List the prime factors of u.
2, 3, 5
Suppose -4*y = -5*b + 106, 4*y = 3*y + 1. What are the prime factors of b?
2, 11
Suppose v - 15 = p, v + 5*p - p - 40 = 0. Suppose q = 6*q - v. Let h = 6 - q. List the prime factors of h.
2
What are the prime factors of 3/6*3*(-296)/(-6)?
2, 37
What are the prime factors of (-1)/(3 - (-128)/(-42))?
3, 7
Suppose -5*v + 35 = -40. Let r = v - 8. What are the prime factors of r?
7
List the prime factors of 66/10 - (-12)/(-20).
2, 3
Let s = 18 + -10. What are the prime factors of s?
2
Suppose 0 = -2*r - 4 - 2. Let z = -1 - r. What are the prime factors of z?
2
Let s(z) = -z**3 + z**2 + z + 30. What are the prime factors of s(0)?
2, 3, 5
Suppose 2*d - 6*d = -32. Suppose -4*k = 4*m - 40, d*k - 3*k = 4*m + 86. What are the prime factors of k?
2, 7
Let x(g) = g**3 - 7*g**2 + g - 5. List the prime factors of x(7).
2
Suppose 2*v + 152 = 484. What are the prime factors of v?
2, 83
Let c(w) = w**2 - w - 10. Let u be c(7). Suppose 5*x - l + 4*l = u, 5*l = -5*x + 30. List the prime factors of x.
7
Let m(d) = -d**2 - 2*d - 3. Let a(x) = x**2 + 4*x + 2. Let r be a(-2). Let w be m(r). What are the prime factors of -30*-2*w/(-12)?
3, 5
Let a = 2 + 6. Suppose 2*i + 288 = a*i. List the prime factors of i.
2, 3
Suppose -i + 16 = 3*i. Let u(m) = m**2 - 5*m. Let n be u(i). List the prime factors of (4/n)/(1/(-2)).
2
Let a = 1 + -2. Let f be 1/a*(-4 + 10). Let h = f + 8. List the prime factors of h.
2
Suppose 5*u = 9*u - 192. List the prime factors of u.
2, 3
Suppose -3*s + 9 + 3 = 0. Suppose -t = 3*g - 15, 3*t = 2*g - t + 4. Suppose o = -5*l + 16, g*l - 4 = s. List the prime factors of o.
2, 3
Let b be (5*-3)/(-3) + -1. Suppose b*m - 5 = 3*m. What are the prime factors of m?
5
Let w = 34 - 1. Suppose 6*n = 27 + w. What are the prime factors of n?
2, 5
Suppose -4*l + 4 + 12 = 0. List the prime factors of l.
2
Let l(z) = -z**3 + 9*z**2 - 7*z - 2. Let o be l(8). Suppose 6 = -2*b - o. Let k(g) = g**2 + 6*g + 6. What are the prime factors of k(b)?
2, 3
What are the prime factors of (-24)/(-132) + 1558/22?
71
List the prime factors of -1*3 - 835/(-5 - 0).
2, 41
Let m(y) = -2*y**3 + 18*y**2 + y - 9. Let b be m(9). Let i = b + 21. List the prime factors of i.
3, 7
Suppose 3*k = -2*p + 8*k + 97, -4*p + 189 = -5*k. List the prime factors of p.
2, 23
Let k be (-2)/6*18/(-2). Suppose 0 = k*o - 6*o + 33. List the prime factors of o.
11
Let m(q) = -2*q**3 + 4*q**2 - 2*q - 2. Let w be m(2). List the prime factors of 168/9 + (-2)/w.
19
What are the prime factors of (-11)/22 + (-275)/(-2) + 0?
137
Let k = 12 + 2. Suppose r + 2*r - 2*g = k, -4*g = -5*r + 24. List the prime factors of r.
2
List the prime factors of (-20 - -56) + (-4)/2.
2, 17
Let g(t) = 4*t**2 - 1. What are the prime factors of g(-8)?
3, 5, 17
Let h = 4 + 14. Suppose 2*w + 2*i - h = 0, -4*w = w + i - 65. List the prime factors of w.
2, 7
Let d = -40 - -67. Let w be -3*3/(d/(-6)). Suppose 3*j - w*l - 60 = -5*l, 3*j = -4*l + 63. List the prime factors of j.
17
Suppose -u + 2*u = 65. List the prime factors of u.
5, 13
Suppose s + 3 = 2*s. Suppose -q - s*q + 40 = 0. List the prime factors of q.
2, 5
Suppose 4*c - 22 = 3*c. Suppose -w + 5*t + c + 4 = 0, 5*w = -5*t + 190. What are the prime factors of w?
2, 3
Suppose -r + 5 = 2. Suppose 52 = 2*x + 3*u, 0*u = -r*x + 2*u + 78. Suppose -3*m + 0 = -2*g - 23, 5*g = 3*m - x. List the prime factors of m.
7
Let u(z) be the third derivative of -11*z**4/24 - 5*z**3/6 - 7*z**2. List the prime factors of u(-5).
2, 5
Let k = -23 + 11. Suppose l - 6*l - 60 = 5*g, 12 = -4*l. What are the prime factors of k/g*(-6)/(-4)?
2
What are the prime factors of (-24)/(-108) - (-212)/18?
2, 3
Suppose -2*w + 7 = -3*s, -3*w - 5*s + 0*s + 1 = 0. What are the prime factors of w?
2
Suppose 3 = 2*x + 1. List the prime factors of (1 - -2 - -14)/x.
17
Let v(f) = 23*f - 11. List the prime factors of v(4).
3
Let v(j) be the second derivative of 1/20*j**5 + 7/12*j**4 + j + 0 + 3/2*j**2 + 0*j**3. List the prime factors of v(-7).
3
List the prime factors of (-4 - 20/(-6))*(-753)/2.
251
Let s = -557 - -797. List the prime factors of s.
2, 3, 5
Suppose -3*i = o - 32, 2*i = -5*o - 2*i + 204. What are the prime factors of o?
2, 11
Let o(k) = k**2 - 8*k - 10. Let w be o(10). Let v = w + -16. List the prime factors of 15/(-10)*32/v.
2
Let s be ((-3)/6)/((-2)/24). Let o = s + -4. What are the prime factors of 18*o*(-1)/(-4)?
3
Suppose -3*w + 3*n + 150 = 0, -6*n + 80 = 2*w - 4*n. What are the prime factors of w?
3, 5
Let w = 284 + -122. List the prime factors of w.
2, 3
Let y = -12 - -20. List the prime factors of y.
2
Let n(c) = c**2 - 7*c + 2. Let k be n(8). Let z = k + -4. List the prime factors of z.
2, 3
Suppose 4*s = 13 + 23. Let y = s - 0. What are the prime factors of y?
3
Let t = -7 - -17. Suppose -t - 38 = -3*w. What are the prime factors of w?
2
Let h = -8 + 6. Let s be h*123/(-6) - -3. Suppose q + 3*q = s. What are the prime factors of q?
11
Let g = -15 - -29. Suppose -h = -g + 5. List the prime factors of h.
3
Suppose 5*w - 5*g = 240, 3*w - g = 3*g + 143. What are the prime factors of w?
7
Let t = 4 - 1. Suppose -3*l = -p + 25, 5*p - 4*p = -t*l + 31. List the prime factors of p.
2, 7
Suppose 0 = -2*o + 4*o - 26. Suppose -o = d - 2*d. List the prime factors of d.
13
Suppose -2*n = -3*n + 5. Suppose -23 = -n*m - 8. Suppose -m*j + 15 = -3*u - 9, 0 = -u + 2. List the prime factors of j.
2, 5
Suppose 0*g + 3*y = g - 9, 4*y + 2 = -2*g. Suppose -33 = -3*v + g. Suppose 0*h + 7 = t - h, -t + v = -2*h. What are the prime factors of t?
2
Let w be (-4)/2 - -2 - -2. Let i = 4 - w. List the prime factors of i.
2
Suppose 3*f - 21 - 10 = -2*n, 3*f = 4*n - 107. What are the prime factors of n?
23
List the prime factors of (6/(-4))/(9/(-480)).
2, 5
Let j(b) be the third derivative of -b**5/60 + 3*b**4/8 - 5*b**3/6 + 4*b**2. List the prime factors of j(4).
3, 5
Let d(c) = c**2 - 3*c - 10. Let q be d(7). Suppose a - 5*b = -b - 10, -q = 5*a - 4*b. What are the prime factors of -8*3/6*a?
2
Suppose 1 = -p + 3. Suppose 34 = p*d - 0*d. What are the prime factors of d?
17
Let x = -9 + 12. Suppose 34 = 5*c - 2*m, 4 = 2*c - x*c - 5*m. List the prime factors of c.
2, 3
Suppose 96 = 4*q - k, -3*k + 120 = 7*q - 2*q. List the prime factors of q.
2, 3
Let p(u) = 7*u**3 - 5*u**2 - u + 5. Let s(y) = 3*y**3 - 2*y**2 - y + 2. Let d(a) = -2*p(a) + 5*s(a). What are the prime factors of d(3)?
2, 3
What are the prime factors of (-3)/(-4) - 584/(-32)?
19
Let x = 91 - 26. Suppose 4*u - x = -u. What are the prime factors of u?
13
Let t = 78 + 14. List the prime factors of t.
2, 23
Let a(f) = -f**2 - 4*f - 7. Let w = -14 + 9. Let g be a(w). Let b = g + 23. List the prime factors of b.
11
Let w(f) = f**2 + 2*f - 8. Let i = -12 - -18. List the prime factors of w(i).
2, 5
Suppose -2 = y - 3. What are the prime factors of (48/(-3))/(0 - y)?
2
List the prime factors of (22/2 + 1)*(-74)/(-4).
2, 3, 37
Let a = 4 + -16. Let z be 40/6 + 8/a. Suppose z*c - 55 = c. What are the prime factors of c?
11
Let y = 43 + 1. What are the prime factors of y?
2, 11
Let k(x) be the first derivative of -x**5/60 - x**4/2 + 2*x**3/3 - x**2/2 - 1. Let f(p) be the second derivative of k(p). What are the prime factors of f(-12)?
2
Suppose -4*m + 3*d + d = -20, -2*m + 3*d = -10. Suppose -4*w - 15 = m*x + w, 3*x = -5*w - 11. What are the prime factors of 19 + (x - 0 - -1)?
2, 3
Let h be ((-